the greatest common factor of 1344 and 92016.
48
What is the greatest common factor of 119 and 228752?
17
What is the highest common divisor of 8600 and 406350?
2150
Calculate the greatest common factor of 76505 and 55.
55
Calculate the greatest common divisor of 752722 and 944.
118
What is the highest common factor of 51018 and 22?
22
Calculate the greatest common factor of 6418412 and 196.
196
What is the greatest common factor of 377 and 222285?
29
What is the greatest common factor of 81 and 37017?
81
Calculate the greatest common divisor of 8130 and 24.
6
Calculate the highest common factor of 136 and 7057448.
136
Calculate the greatest common factor of 30 and 5071090.
10
Calculate the greatest common divisor of 273 and 134628.
39
Calculate the highest common factor of 15771 and 6008.
751
Calculate the greatest common factor of 696 and 144420.
348
Calculate the highest common factor of 2288 and 155056.
176
Calculate the highest common divisor of 104 and 990848.
8
Calculate the highest common factor of 119 and 103343.
17
Calculate the highest common divisor of 12 and 8481.
3
What is the highest common divisor of 2303 and 6157?
47
What is the greatest common divisor of 1016622 and 18?
18
Calculate the greatest common divisor of 39115 and 5.
5
What is the greatest common factor of 676 and 548?
4
Calculate the greatest common factor of 2016 and 9261.
63
Calculate the highest common divisor of 443104 and 32.
32
What is the highest common factor of 1186724 and 308?
308
What is the highest common divisor of 56888 and 21944?
104
What is the greatest common factor of 5 and 212455?
5
Calculate the highest common factor of 125 and 32300.
25
Calculate the greatest common divisor of 36 and 112232.
4
What is the highest common factor of 84658 and 224?
14
What is the greatest common factor of 3296 and 1574252?
412
Calculate the greatest common divisor of 21 and 765597.
21
What is the highest common factor of 5671 and 28249?
53
What is the highest common factor of 5874 and 84906?
534
What is the highest common factor of 513 and 78318?
171
What is the highest common divisor of 10515 and 1920?
15
Calculate the highest common factor of 46500 and 70500.
1500
Calculate the greatest common divisor of 76538 and 11242.
154
Calculate the greatest common divisor of 98 and 1204.
14
Calculate the greatest common divisor of 260 and 157885.
65
Calculate the highest common factor of 12 and 27531852.
12
What is the highest common divisor of 4874 and 10?
2
Calculate the greatest common divisor of 2624 and 943.
41
What is the highest common factor of 141264 and 1526?
218
What is the greatest common divisor of 9696 and 543582?
606
What is the highest common factor of 95746 and 5782?
98
What is the greatest common divisor of 480 and 965520?
240
What is the highest common factor of 229214 and 62?
62
Calculate the greatest common divisor of 12571 and 2951.
13
Calculate the highest common factor of 54 and 229014.
54
Calculate the highest common divisor of 140 and 101605.
35
Calculate the greatest common factor of 2280672 and 32.
32
Calculate the greatest common factor of 129380 and 2980.
20
Calculate the greatest common divisor of 28 and 8169.
7
What is the greatest common divisor of 24 and 7123368?
24
What is the highest common factor of 746 and 1409194?
746
Calculate the greatest common divisor of 4342 and 26.
26
What is the highest common factor of 9 and 2467563?
3
Calculate the greatest common divisor of 26 and 502801.
13
Calculate the greatest common divisor of 476 and 1498924.
476
Calculate the greatest common factor of 1 and 1017131.
1
Calculate the highest common divisor of 6215 and 1265.
55
Calculate the greatest common factor of 540296 and 8.
8
Calculate the highest common divisor of 42 and 1839117.
21
Calculate the greatest common factor of 109 and 419214.
109
What is the highest common factor of 436085 and 325?
65
What is the greatest common factor of 499962 and 618?
618
Calculate the highest common factor of 449185 and 220.
55
Calculate the greatest common factor of 546896 and 304.
304
Calculate the greatest common divisor of 2942 and 6.
2
Calculate the greatest common divisor of 1764 and 88452.
252
What is the highest common factor of 3535 and 1015?
35
Calculate the greatest common divisor of 89473 and 524.
131
Calculate the greatest common factor of 2025340 and 120.
20
What is the highest common divisor of 4522 and 590786?
266
Calculate the highest common factor of 385 and 2415.
35
What is the greatest common divisor of 4338 and 225?
9
Calculate the highest common divisor of 5346 and 628452.
594
What is the highest common factor of 47 and 5015041?
47
Calculate the highest common divisor of 78888 and 16.
8
Calculate the greatest common factor of 40299 and 6118.
133
Calculate the greatest common divisor of 137631 and 156.
39
What is the greatest common divisor of 1590 and 64660?
530
Calculate the highest common factor of 105 and 17565.
15
What is the highest common divisor of 5910025 and 550?
275
Calculate the highest common factor of 3064 and 1096.
8
Calculate the highest common divisor of 1102616 and 24.
8
Calculate the highest common divisor of 60 and 734520.
60
What is the highest common divisor of 65 and 139100?
65
What is the greatest common factor of 3750 and 200?
50
Calculate the greatest common divisor of 45 and 40065.
15
What is the highest common divisor of 4431 and 609?
21
What is the highest common factor of 3525 and 2679?
141
What is the greatest common divisor of 137393 and 10?
1
Calculate the highest common divisor of 825 and 488730.
165
Calculate the highest common divisor of 120866 and 1784.
446
Calculate the highest common factor of 667106 and 88.
22
What is the greatest common divisor of 39921 and 315?
21
Calculate the greatest common factor of 167 and 768868.
167
Calculate the greatest common divisor of 18881 and 956.
239
Calculate the highest common divisor of 1503369 and 98.
49
Calculate the highest common divisor of 283806 and 18.
18
Calculate the highest common divisor of 1546 and 10.
2
Calculate the greatest common factor of 1600 and 13120.
320
What is the highest common divisor of 706278 and 159?
159
What is the greatest common factor of 14040 and 2223?
117
Calculate the highest common divisor of 943 and 483.
23
Calculate the highest common factor of 2503 and 234.
1
What is the highest common factor of 391 and 805?
23
Calculate the greatest common factor of 360 and 33240.
120
What is the greatest common factor of 13 and 871?
13
What is the highest common divisor of 2492 and 93984?
356
What is the highest common factor of 1250 and 3362?
2
Calculate the greatest common divisor of 805 and 12719.
161
What is the highest common divisor of 96139 and 381?
127
What is the highest common divisor of 79650 and 21150?
450
What is the greatest common factor of 123925 and 25?
25
What is the greatest common divisor of 217268 and 52?
4
What is the greatest common factor of 25312 and 3503?
113
What is the greatest common divisor of 11759 and 33?
11
What is the greatest common factor of 165 and 110319?
33
What is the greatest common factor of 397088 and 224?
32
Calculate the highest common factor of 325 and 925.
25
Calculate the greatest common divisor of 251965 and 28.
7
What is the highest common divisor of 1332 and 41625?
333
What is the greatest common divisor of 24674 and 1352?
338
What is the greatest common divisor of 598 and 1656?
46
Calculate the greatest common divisor of 968 and 106920.
88
Calculate the highest common divisor of 559 and 221.
13
Calculate the highest common factor of 481 and 3523.
13
What is the greatest common divisor of 9895 and 5?
5
Calculate the highest common divisor of 14971 and 220.
11
What is the greatest common divisor of 844819 and 524?
131
Calculate the greatest common divisor of 630 and 5712.
42
Calculate the greatest common divisor of 176 and 477928.
88
What is the highest common divisor of 12 and 542252?
4
What is the highest common divisor of 288 and 17730?
18
Calculate the highest common divisor of 2961 and 91.
7
Calculate the greatest common divisor of 252 and 156618.
126
What is the highest common factor of 648 and 531?
9
What is the greatest common factor of 7725 and 45?
15
What is the greatest common div